 i(-13).
7
Let g(m) = 2*m + 6. Determine g(-4).
-2
Let d(m) = -m**2 + 5*m - 8. Determine d(5).
-8
Let q(d) = -19*d**3 - d**2 + 2*d + 2. Calculate q(-1).
18
Let k(i) = i**2 + 6*i - 5. Give k(-7).
2
Let z(h) = -h**2 - 6*h - 15. Give z(-6).
-15
Let b(m) = -4*m**3 + m**2 + m - 1. What is b(1)?
-3
Let h(w) = 19*w + 4. Calculate h(5).
99
Let f(p) = -9*p + 98. Calculate f(10).
8
Let n(o) = 9*o + 11. Determine n(-2).
-7
Let p(l) = -2*l + 36. Give p(10).
16
Let u(i) = -i**2 - 2*i + 3. Determine u(1).
0
Let m(z) = -2*z**2 + 13*z + 6. Determine m(6).
12
Let j(f) = f**3 - 10*f**2 - 15*f + 1. Calculate j(11).
-43
Let s(g) = g**2 - g + 3. Calculate s(0).
3
Let y(l) = l**3 + 4*l**2 - 5*l - 11. Determine y(-4).
9
Let b(v) = -v**2 - 24*v - 47. Determine b(-2).
-3
Let l(c) = -4*c - 28. Determine l(-9).
8
Let f(q) = -14*q - 23. What is f(16)?
-247
Let s(v) = -v + 35. Determine s(37).
-2
Let n(z) = 6*z - 1. What is n(-1)?
-7
Let a(z) = 5*z + 7. What is a(-12)?
-53
Let t(y) = -y**2 + 8*y - 15. Give t(7).
-8
Let o(p) = p - 2. Determine o(-8).
-10
Let u(y) = -7*y + 65. Calculate u(9).
2
Let u(c) = -c - 8. What is u(-3)?
-5
Let b(n) = n**3 + n**2. Calculate b(1).
2
Let o(w) = -w**3 + 21*w**2 - 21*w + 1. Give o(20).
-19
Let l(s) = 2*s - 5. What is l(14)?
23
Let k(w) = w**2 + 9*w + 13. Give k(-11).
35
Let f(o) = o - 2. Determine f(-7).
-9
Let u(r) = -r**3 + 4*r**2 + 13*r + 8. Determine u(7).
-48
Let b(q) = -36*q + 278. What is b(8)?
-10
Let z(k) = k**2 - 7*k. Calculate z(5).
-10
Let o(a) = 48*a + 192. What is o(-4)?
0
Let o(m) = m + 9. Give o(11).
20
Let g(t) = 10*t - 162. Give g(16).
-2
Let s(x) = -15*x + 131. Determine s(11).
-34
Let g(f) = 3*f**2 - 7*f - 3. Give g(5).
37
Let m(a) = -a**2 + 16*a + 13. What is m(17)?
-4
Let s(p) = 10*p - 26. Give s(2).
-6
Let k(r) = -11*r + 1. What is k(2)?
-21
Let f(i) = -3*i**3 - 21*i**2 - 20*i - 7. Give f(-6).
5
Let m(i) = -i**3 - 16*i**2 - 2*i - 31. What is m(-16)?
1
Let j(y) = 10*y**3 - y**2 - 4*y - 2. Determine j(-1).
-9
Let d(o) = 112*o + 3. Calculate d(1).
115
Let u(w) = -28*w**3 - w**2 + 1. Determine u(1).
-28
Let l(h) = -2*h**2 + 59*h - 84. What is l(28)?
0
Let a(b) = -29*b + 214. Give a(7).
11
Let n(z) = z**2 - 8*z - 54. Calculate n(12).
-6
Let a(z) = -3*z. Give a(2).
-6
Let h(w) = w**2 + 5*w + 6. What is h(-4)?
2
Let v(z) = z**3 + 18*z**2 - 20*z - 12. Determine v(-19).
7
Let i(f) = -2*f**2 - 17*f - 15. What is i(-7)?
6
Let g(q) = -q + 11. What is g(4)?
7
Let h(f) = -f**2 - 13*f - 12. Determine h(-11).
10
Let i(q) = -2*q**2 + 50*q + 88. Calculate i(26).
36
Let s(g) = 9*g + 1. Calculate s(-1).
-8
Let s(r) = r**2 - 4*r - 6. Determine s(6).
6
Let a(t) = 25*t + 9. Calculate a(5).
134
Let a(h) = -h**2 + 4*h + 29. Calculate a(8).
-3
Let u(n) = n**3 + 6*n**2 - 6*n - 48. What is u(-5)?
7
Let t(a) = a**3 + 5*a**2 - 4*a + 1. What is t(3)?
61
Let p(v) = v**2 - 13*v - 17. Determine p(15).
13
Let r(z) = z**2 + 114*z + 5. What is r(0)?
5
Let n(x) = -3*x**2 + 7*x + 18. Give n(-2).
-8
Let c(j) = 9*j - 15. Calculate c(3).
12
Let u(v) = -126*v + 865. Give u(7).
-17
Let m(n) = -n**3 - 4*n**2 - n + 3. What is m(-2)?
-3
Let t(i) = 55*i + 335. Calculate t(-6).
5
Let u(c) = 3*c + 12. Calculate u(-13).
-27
Let g(z) = -z**3 - 8*z**2 + z + 2. Determine g(-8).
-6
Let t(m) = m**3 + m + 7. Give t(0).
7
Let o(k) = k**3 + k**2 - 6*k - 1. What is o(-4)?
-25
Let j(f) = 2*f**2 - 25*f - 20. Calculate j(14).
22
Let c(f) = f - 9. Determine c(-7).
-16
Let v(g) = -2*g + 8. Give v(18).
-28
Let g(z) = z**2 - 17*z + 26. Determine g(7).
-44
Let k(l) = 11*l**3 + 65*l**2 - 6*l - 1. Calculate k(-6).
-1
Let x(m) = -m**3 - 15*m**2 - 7*m - 3. Give x(-14).
-101
Let d(b) = -b**3 + 3*b**2 + 4*b - 6. Calculate d(4).
-6
Let w(b) = -b**3 + 6*b**2 - 5*b - 7. Calculate w(3).
5
Let i(f) = f - 13. What is i(7)?
-6
Let w(z) = 30*z - 15. What is w(2)?
45
Let o(v) = -v - 4. What is o(-9)?
5
Let f(w) = 3*w**3 - 3*w - 3. What is f(-2)?
-21
Let k(y) = -y**3 + y**2 - 9*y + 17. Give k(2).
-5
Let o(s) = -9*s - 154. Determine o(-16).
-10
Let j(i) = i + 16. Calculate j(-16).
0
Let o(a) = 19*a + 102. Give o(-4).
26
Let c(a) = -5*a + 3. What is c(-1)?
8
Let w(u) = u - 13. Determine w(7).
-6
Let u(a) = a**3 - 6*a**2 - a - 6. Calculate u(6).
-12
Let s(k) = -k**3 + 10*k**2 - 12*k + 2. Give s(8).
34
Let c(b) = -b**2 + 15*b - 45. Calculate c(6).
9
Let p(a) = -a**3 - 11*a**2 + 19*a + 61. Calculate p(-12).
-23
Let s(u) = 6*u + 101. Calculate s(-16).
5
Let n(m) = m**2 + m - 3. Determine n(3).
9
Let i(y) = 103*y - 8. Determine i(1).
95
Let z(n) = n**2 - 23*n + 25. Calculate z(22).
3
Let c(b) = -b**2 + 12*b - 37. Determine c(5).
-2
Let j(b) = -3*b**2 + b - 12. Calculate j(3).
-36
Let y(v) = v**2 - 25*v + 128. What is y(14)?
-26
Let w(f) = 21*f + 28. Calculate w(-2).
-14
Let s(t) = t**2 + 10*t + 11. Determine s(-10).
11
Let a(t) = 8*t**2 + 2*t - 2. Determine a(1).
8
Let g(n) = n**3 - 6*n**2 + 9*n + 5. What is g(2)?
7
Let p(z) = -z**2 - 2*z - 8. Give p(-4).
-16
Let g(i) = -2*i**3 + 7*i**2 + 6. What is g(3)?
15
Let o(m) = -m**2 + 7. What is o(0)?
7
Let r(h) = -h - 8. Give r(2).
-10
Let d(o) = -o**2 - o + 1. Determine d(-1).
1
Let a(q) = q**2 - 14*q - 51. Give a(18).
21
Let s(d) = d**3 - 18*d**2 - d + 26. Give s(18).
8
Let i(d) = -4*d**2 - 5*d - 4. Calculate i(-1).
-3
Let v(h) = -h**2 + 12*h + 15. What is v(11)?
26
Let n(p) = -p**3 - 8*p**2 - 11. What is n(-8)?
-11
Let b(d) = 10*d + 223. What is b(-21)?
13
Let h(l) = l**3 + 3*l**2 - 9*l - 14. Calculate h(-4).
6
Let a(k) = 4*k - 126. Determine a(31).
-2
Let y(r) = -9*r**2 + 2*r + 3. Give y(-2).
-37
Let o(n) = -n**2 + 4*n - 2. Calculate o(4).
-2
Let c(z) = z**2 + 31*z - 26. What is c(-31)?
-26
Let g(a) = a**3 + 5*a**2 + 11*a + 23. Calculate g(-4).
-5
Let l(x) = -x**3 + x**2 - x + 1. Calculate l(0).
1
Let y(s) = -19*s + 1376. Give y(72).
8
Let d(m) = 2*m**2 - 15*m - 35. Give d(12).
73
Let h(n) = n**3 - 11*n**2 - 12*n. Give h(12).
0
Let d(t) = -2*t**2 - 3*t. Give d(3).
-27
Let i(z) = -z**3 + 9*z**2 - 5*z - 6. What is i(8)?
18
Let g(t) = -t**3 + 2*t**2 + t + 14. Determine g(0).
14
Let x(p) = p**3 - 8*p**2 - 3*p - 7. Give x(7).
-77
Let v(c) = c**3 - 14*c**2 + 13*c - 6. What is v(13)?
-6
Let f(z) = 2*z**3 - 1. Determine f(-1).
-3
Let w(d) = 16*d**2 - 12*d + 10. Give w(1).
14
Let y(q) = q**2 - 28*q - 257. Give y(35).
-12
Let z(l) = -l**3 + 3*l**2 + 6*l + 14. What is z(7)?
-140
Let l(w) = -5*w + 14. What is l(5)?
-11
Let q(g) = g - 5. Calculate q(3).
-2
Let h(r) = -3*r - 18. Calculate h(-12).
18
Let n(o) = -9*o - 3. Give n(-2).
15
Let c(h) = h**3 + 11*h**2 - 3*h - 31. Calculate c(-11).
2
Let a(v) = 17*v. Calculate a(-1).
-17
Let w(c) = 20*c - 81. Give w(0).
-81
Let o(h) = h**3 - 8*h**2 + 3*h - 2. Calculate o(7).
-30
Let s(t) = -t**3 + 11*t**2 - 30*t - 1. Calculate s(6).
-1
Let n(b) = -b**2 + 13*b + 2. Give n(6).
44
Let d(s) = 4*s**2 - 2. Determine d(2).
14
Let n(v) = -2*v - 18. Give n(-11).
4
Let n(w) = -w**2 - 14*w - 7. Give n(-10).
33
Let h(s) = s**3 - 13*s**2 + 14*s - 7. Determine h(12).
17
Let o(u) = -3*u + 23. Calculate o(6).
5
Let h(r) = -10*r + 13. Determine h(-7).
83
Let w(b) = -b**2 - b - 17. Determine w(-5).
-37
Let k(r) = -92*r**3 + r**2 - 3*r + 2. Calculate k(1).
-92
Let v(x) = x**3 - 18*x**2 - 22*x + 100. Give v(19).
43
Let k(j) = -2*j + 43. Determine k(23).
-3
Let v(q) = q**2 + 9*q + 12. Calculate v(-6).
-6
Let z(t) = 9*t + 65. Give z(-6).
11
Let a(w) = 3*w - 8. Give a(10).
22
Let q(u) = 2*u**2 + 4*u - 1. Give q(-3).
5
Let k(n) = -n**2 - 5*n + 6. Determine k(-9).
-30
Let i(r) = -r**2 + 17*r - 13. Determine i(8).
59
Let t(s) = -s**2 - 34*s - 66. What is t(-32)?
-2
Let m(f) = -f**3 - 11*f**2 - 14*f - 15. What is m(-7)?
-113
Let s(r) = r**2 - 30*r + 230. Give s(15).
5
Let i(g) = 4*g**2 + 15*g + 4. Give i(-4).
8
Let t(p) = 6*p + 20. What is t(6)?
56
Let b(q) = q**3 + 18*q**2 + 34*q + 22. Calculate b(-16).
-10
Let j(d) = 32*d + 93. Calculate j(-3).
-3
Let a(z) = -z**3 - 6*z**2 - 7*z - 7. Calculate a(-5).
3
Let t(q) = 5*q + 2. What is t(2)?
12
Let n(m) = -m + 3. What is n(6)?
-3
Let q(p) = p**3 - 7*p**2 - 8*p + 4. Calculate q(8).
4
Let q(z) = -4*z + 86. Give q(21).
2
Let p(r) = -15*r - 11. Give p(4).
-71
Let v(z) = -8*z + 5. Calculate v(4).
-27
Let z(r) = 10*r**3 + 2*r**2 + 3*r + 5. What is z(-2)?
-73
Let p(l) = l + 14. Calculate p(15).
29
Let j(y) = -4*